c + 5*a = -8 - 31. Let p be (-8)/c + (-80)/(-3). Suppose -2*k + 18 = p. Let s(m) = m**2 + m - 2. Calculate s(k).
10
Let k(q) = -2*q**3 + 17*q**2 - 21*q - 16. Let d(y) = -17*y**3 - 83*y**2 + 2*y - 33. Let x be d(-5). What is k(x)?
-16
Let j(y) be the first derivative of y**3/3 + 5*y**2 - 13*y + 5. Let u be ((-352)/(-64))/(10/4 + -3). Give j(u).
-2
Let t = -96 - -98. Let k(n) = 9574*n - n**t - 7 - 9574*n - n**3. Calculate k(0).
-7
Let c(z) be the third derivative of z**4/24 + 5*z**3/6 - 372*z**2 + 4. Suppose 0 = -4*a, 4*k - 20 = -0*k + a. What is c(k)?
10
Let u(h) = -2*h**2 - 3. Let g(o) be the third derivative of o**6/120 - o**5/15 - o**4/12 + 4*o**3/3 - 24*o**2. Let d be g(2). Calculate u(d).
-35
Let q be 34/200 + (-28)/(-350) - 1/4. Let n(r) = r**2 + 3*r + 13. Let y(w) = -w**2 - 4*w - 14. Let x(s) = -7*n(s) - 6*y(s). Give x(q).
-7
Let d(u) = -u - 1. Let a = 249 + -240. Let q = 5 + 5. Let i = q - a. Give d(i).
-2
Let g(f) = -2*f - 23 - 2*f - 3*f + 5*f. Let j be g(-14). Suppose -2*o + 3*o = -2*c - 7, 0 = o - j*c - 28. Let q(s) = 2*s - 2. Determine q(o).
4
Let y(x) be the third derivative of x**5/60 - 5*x**4/8 + 35*x**3/6 - 42*x**2. Let l be y(15). Let a(i) = -23*i + 2 + l*i - 15*i. Calculate a(2).
-4
Suppose -4*a + a = -114. Suppose -10 = 4*q - a. Let p(g) = g**3 - 8*g**2 + 8*g + 4. Calculate p(q).
11
Let b = 432 + -428. Let v(s) = 21*s - b*s - 4*s - 4 + s**2. Calculate v(-9).
-40
Let p = 33 + -29. Suppose 3 + p = -3*h + 2*m, -5*m + 29 = 4*h. Let o(n) = -2*n + 3 - 2 - h - 2. Determine o(-6).
10
Let x(z) be the second derivative of -z**4/12 + 11*z**3/6 - 6*z**2 - 86*z + 2. Give x(6).
18
Let c = -697 + 282. Let u = c + 408. Let z(v) = v - 6. What is z(u)?
-13
Let q(o) = 8*o + 20. Let h(u) = 13*u + 39. Let j(s) = 3*h(s) - 5*q(s). Let w = -6 + 13. Calculate j(w).
10
Let i = 34 - 33. Let v(p) = -p**2. Let w(s) = s**2 + 1. Let z be -3 + 3 + 2 + 1. Let j(a) = z*v(a) + w(a). Determine j(i).
-1
Let u(o) = o**2 + o + 1. Let j(i) = i**3 + 41*i**2 - 48*i - 93. Let y(l) = -j(l) - 2*u(l). Let z be y(-44). Let g(p) = -6*p + 3. Calculate g(z).
-15
Let q(w) = -5 + 4 - 2 - 8227*w - w**3 + 8228*w + 3*w**2. What is q(3)?
0
Let q(o) = 46*o**3 + 45*o**3 - 90*o**3 - 7*o**2 - 40 + 8 + 2*o. Give q(7).
-18
Let c(u) = -14*u. Let w(x) = 7*x - 49. Let l(q) = q - 6. Let r be ((490/1)/(-5))/(-2). Let z(y) = r*l(y) - 6*w(y). Let b(s) = 6*c(s) + 11*z(s). Calculate b(1).
-7
Let t(c) = 2*c**3 + c**2 + 2*c - 1. Let n(i) = 19*i**3 + 17*i**2 + 14*i - 11. Let l(r) = n(r) - 9*t(r). Give l(-8).
30
Let t(y) = -y - 3. Let v be t(-8). Let u(d) = -17*d + 5121 - 2601 - 2521 + 3*d**2. Give u(v).
-11
Suppose 0 = -n - 3*i - 11, 4*n + 5*i - 188 + 232 = 0. Let y(d) = -14*d - 161. What is y(n)?
-7
Let u(p) = -28*p**2 + 3*p**2 + 0 + 20*p**2 - 8 + 11*p**2. Calculate u(0).
-8
Let y(a) be the second derivative of a**3/6 + 2*a**2 + 1794*a. Give y(-12).
-8
Let n(j) be the second derivative of 209*j - 1/2*j**3 + 6*j**2 + 0. Determine n(9).
-15
Let j(i) = 11 + 194*i**2 + 208*i**2 + 4 - 401*i**2 - 17*i. Give j(15).
-15
Let z(a) = -a**2 + 3*a - 16. Suppose 0 = -5*o - 363 + 398. Determine z(o).
-44
Suppose -g = -6, 2*t = -152*g + 154*g - 32. Let j(k) = k**2 + 14*k + 40. Calculate j(t).
0
Let k be 1/(-3 + 16/6). Let a(u) = -5*u - 11. Let o be a(k). Suppose z + 3*f = o*f, 4*z - 12 = -2*f. Let b(i) = i**3 + 2*i**2 + 2*i - 2. What is b(z)?
18
Let c(s) = -6*s - 26. Let r(u) = 7*u + 28. Let d(q) = -6*c(q) - 5*r(q). Suppose 0 = -5*k - 0*k - 90. What is d(k)?
-2
Suppose 3*j + 63 = -b + 278, 3*j + 2*b - 214 = 0. Let l be 6/(-8) + 6/(j/21). Let w(n) be the first derivative of -5*n**2 + 1. Give w(l).
-10
Let i(a) = -436938*a - 10*a**3 - 436932*a + 873865*a - 3*a**2 + 7. Calculate i(1).
-11
Let y(m) be the first derivative of 69*m**2/2 - m - 1365. Determine y(1).
68
Let u(q) = q - 2. Let r be (-15)/3 + (3 - -2). Suppose -v = 3*v - 8. Suppose -4*w - 6 = -2*d, r = 2*w - 3*w + v*d. What is u(w)?
-4
Let g = -291 + 289. Let r(w) = -11*w**2 - w - 2. Let d(v) = -56*v**2 - 5*v - 11. Let t(s) = g*d(s) + 11*r(s). What is t(1)?
-10
Let i = -65 - -114. Let t = i - 38. Let o = t - 12. Let j(k) = -4*k**3 - k**2 + k + 1. Calculate j(o).
3
Let k(q) = 9*q + 27. Let l(g) = -6*g - 27. Let b(u) = 6*u + 24. Let m(j) = 3*b(j) + 2*l(j). Let z(p) = -5*k(p) + 7*m(p). Give z(-5).
6
Let f(s) be the second derivative of 5/6*s**3 - 8*s + 2*s**2 - 2/3*s**4 - 3 + 1/20*s**5. Let y be (-1)/(-2) + 26/4. Give f(y).
-10
Let k(z) = 26*z + 299. Let d be (-2)/(72/275 + (-2)/25). What is k(d)?
13
Let p(c) = 3*c + 3 - 5 - 21*c**2 - 2*c + 25*c**2 + 3. Let w(s) = -2*s + 1. Let z be w(1). Give p(z).
4
Let w(n) = n**3 + 8*n**2 - 9*n - 75. Let u = -19514 - -19506. Calculate w(u).
-3
Let p(k) = 0*k**2 - 6*k**2 - 4 - 4*k**3 + 3*k**3 - 2*k. Let h(d) = -127*d**2 + 69344*d - 1097. Let a be h(546). Calculate p(a).
-19
Let h(p) = -p**2 + 6*p + 26. Suppose -1103 - 2821 = -436*a. What is h(a)?
-1
Let j(g) = -459*g - 8. Let s(q) = 367*q + 8. Let u(d) = -4*j(d) - 5*s(d). Let v = 16 + -11. Calculate u(v).
-3
Let w be ((-138)/(-115))/((-9)/(-4470)). Let h(l) = -w*l**2 + 1144*l**2 + l - 573*l**2 + 1. Determine h(-1).
-25
Let u(o) = 19*o - 145 - o**3 + 138 - 6*o**2 + o**3 - 2*o**2 + o**3. Determine u(6).
35
Let l = -1933 + 1939. Let c(k) = -5*k + 10. What is c(l)?
-20
Suppose 55*g + 336 = -159. Let i be 7/(-21)*g*2. Let h(w) be the first derivative of w**4/4 - 5*w**3/3 - 2*w**2 + w + 2. What is h(i)?
13
Let b = -387 - -393. Let f be 2/6 - (-2)/(-6) - b. Let q(v) = -v**3 - 5*v**2 + 6*v - 3. What is q(f)?
-3
Let q(n) = -399*n + 7 + 203*n + 202*n. Let y be q(0). Let z(a) = -a**3 + 8*a**2 - 5*a - 2. Give z(y).
12
Let g(f) = f + 6. Let i = -420 - -423. Suppose -136 + 91 = i*n. Determine g(n).
-9
Let m(j) be the first derivative of -2*j**2 - 2/3*j**3 - 2*j + 42. Determine m(-2).
-2
Let v(s) = -16*s**2 - 13*s + 821*s**3 + 8 + 19*s**2 + 4*s - 822*s**3. Determine v(3).
-19
Let g(y) = y**2 + 4*y - 3. Let f be -2 + (-6)/(-1 - -4). Let u(s) = s + 7. Let o be u(f). Suppose 4*a + 2*b + 20 = -10, -o*a = 2*b + 24. Calculate g(a).
9
Let b(o) be the third derivative of -o**5/15 - o**4/2 - 11*o**3/6 - o**2 + 1246. Determine b(-2).
-3
Let p be 5/5 + 3/(-3)*5. Let v(y) = -y**2 - 1. Let z(n) = -3*n**2 - 5*n - 6. Let l = 34 + -33. Let t(a) = l*z(a) - 2*v(a). Calculate t(p).
0
Let n(c) = c + 170991*c**2 - 85493*c**2 - 85497*c**2 - 75. Give n(8).
-3
Suppose -4*z + 19 = -25. Let b(m) = 33*m**3 + 5. Let i(g) = 64*g**3 + 9. Let h(n) = z*b(n) - 6*i(n). Determine h(1).
-20
Suppose 0 = 180*o - 198*o + 126. Let s(f) be the third derivative of f**6/120 - 7*f**5/60 + f**4/8 - 4*f**3/3 + 2*f**2. What is s(o)?
13
Let s = -4314 - -4318. Let v(z) be the first derivative of z**3/3 - 3*z**2 - 2*z - 21. What is v(s)?
-10
Let a(q) = -2*q + 49. Suppose -195*o + 166*o + 174 = 0. What is a(o)?
37
Suppose 6*r = 72 - 30. Let m be -1*(r - 2) + (-10)/(-1). Let h(b) = b - 13. Determine h(m).
-8
Let k(a) = a + 13. Suppose 5*t = 3*j + 62, 4*j - 27*t = -31*t - 104. Let f be 390/104*j/9. Give k(f).
3
Let k = -343 + 346. Let g(j) = -k*j**3 - j**3 + 4*j**2 - 1 - 16*j + 5*j**3 + 20*j. Suppose -2 + 17 = -5*s. Calculate g(s).
-4
Let b(g) = 19*g - 11. Suppose -t - 58 - 32 = 13*a, -a = 7. Give b(t).
8
Let u(v) = 78*v + 6*v**2 + 3 - 30*v - 38*v - 5*v**3 + 7*v**3. Calculate u(-2).
-9
Let a(g) = 2*g - 6. Let f(n) = -n + 7. Let u(v) = -6*a(v) - 5*f(v). Let r be (-7)/(-9) + -2 - (-16)/72. Let x be 2 + (0/(-2) + 1)/r. Determine u(x).
-6
Let b(f) = -2*f**2 - 30*f + 16. Let z be b(-13). Let h(q) = -z - 10*q + q**3 + 5*q**2 + 74 + 5*q. Determine h(-6).
0
Let w(y) be the second derivative of -17*y**3/3 + 2*y**2 - 448*y. Determine w(1).
-30
Let n be 14/(28/10) - (-22)/(-2). Let i(z) = 24*z + 136. What is i(n)?
-8
Let b(s) = -31*s**3 + 10*s**2 + 12 + 0*s - s + s - 6*s + 30*s**3. Give b(10).
-48
Let s = -72 + 69. Let a(h) = -h**3 - 4*h**2 - 5*h - 2. Calculate a(s).
4
Suppose -5*n + 975 = 5*d, 2*n + n - 575 = -d. Suppose 21*y = -17*y + n. Let z(i) = -i**3 + 5*i**2 - i + 5. Determine z(y).
0
Let d(q) = -3*q + 5*q - 3*q - 12 - 2*q**2 - 5*q + 1. Determine d(-4).
-19
Let r(p) = -p + 8. Let w(o) = -o**3 - 6*o**2 - 10*o - 5. Let d be w(-4). Suppose d*y + 9 = 0, 0 = 9*k - 7*k - 2*y + 6. Determine r(k).
14
Let m(y) = -60*y + 111. Let s(h) = 34*h - 55. Le